{"id":4732,"date":"2024-07-25T17:08:08","date_gmt":"2024-07-25T17:08:08","guid":{"rendered":"https:\/\/railen.net\/?post_type=product&#038;p=4732"},"modified":"2024-07-25T17:08:09","modified_gmt":"2024-07-25T17:08:09","slug":"ferula-de-dedo-a","status":"publish","type":"product","link":"https:\/\/railen.net\/index.php\/producto\/ferula-de-dedo-a\/","title":{"rendered":"FERULA DE DEDO (A)"},"content":{"rendered":"<p>F\u00e9rulas inmovilizadora de dedo fabricada en aluminio y cubierto con espuma de poliuretano. Indicaci\u00f3n: Inmovilizaci\u00f3n de Dedo. Inmoviliza la articulaciones interfal\u00e1ngicas. Tratamiento postquir\u00fargico y esguinces de ligamentos colaterales. *Blunding recomienda utilizar este producto bajo prescripci\u00f3n m\u00e9dica. Aluminio Espuma Poliuretano protectora<\/p>\n","protected":false},"excerpt":{"rendered":"<p>F\u00e9rulas inmovilizadora de dedo fabricada en aluminio y cubierto con espuma de poliuretano. Indicaci\u00f3n: Inmovilizaci\u00f3n de Dedo. Inmoviliza la articulaciones interfal\u00e1ngicas. Tratamiento postquir\u00fargico y esguinces de ligamentos colaterales. *Blunding recomienda utilizar este producto bajo prescripci\u00f3n m\u00e9dica. Aluminio Espuma Poliuretano protectora<\/p>\n","protected":false},"featured_media":4733,"comment_status":"open","ping_status":"closed","template":"","meta":[],"product_cat":[47,54],"product_tag":[],"_links":{"self":[{"href":"https:\/\/railen.net\/index.php\/wp-json\/wp\/v2\/product\/4732"}],"collection":[{"href":"https:\/\/railen.net\/index.php\/wp-json\/wp\/v2\/product"}],"about":[{"href":"https:\/\/railen.net\/index.php\/wp-json\/wp\/v2\/types\/product"}],"replies":[{"embeddable":true,"href":"https:\/\/railen.net\/index.php\/wp-json\/wp\/v2\/comments?post=4732"}],"wp:featuredmedia":[{"embeddable":true,"href":"https:\/\/railen.net\/index.php\/wp-json\/wp\/v2\/media\/4733"}],"wp:attachment":[{"href":"https:\/\/railen.net\/index.php\/wp-json\/wp\/v2\/media?parent=4732"}],"wp:term":[{"taxonomy":"product_cat","embeddable":true,"href":"https:\/\/railen.net\/index.php\/wp-json\/wp\/v2\/product_cat?post=4732"},{"taxonomy":"product_tag","embeddable":true,"href":"https:\/\/railen.net\/index.php\/wp-json\/wp\/v2\/product_tag?post=4732"}],"curies":[{"name":"wp","href":"https:\/\/api.w.org\/{rel}","templated":true}]}}