{"id":4548,"date":"2024-07-23T22:47:26","date_gmt":"2024-07-23T22:47:26","guid":{"rendered":"https:\/\/railen.net\/?post_type=product&#038;p=4548"},"modified":"2024-07-23T22:47:26","modified_gmt":"2024-07-23T22:47:26","slug":"tijera-de-extricacion","status":"publish","type":"product","link":"https:\/\/railen.net\/index.php\/producto\/tijera-de-extricacion\/","title":{"rendered":"Tijera de extricaci\u00f3n"},"content":{"rendered":"<p>Tijera de trauma punta de pato multifuncional, fabricada en acero inoxidable alem\u00e1n, mango pl\u00e1stico. Esterilizable bajo autoclave. Hojas curvas fabricadas en acero con tratamiento resistente a la corrosi\u00f3n.<\/p>\n<p>Con un tama\u00f1o de 14 cm, esta tijera de rescate est\u00e1 dise\u00f1ada para cortar f\u00e1cilmente materiales como cinturones de seguridad, ropa y otros tejidos resistentes en situaciones de emergencia. La hoja de acero inoxidable es incre\u00edblemente resistente y duradera, lo que la convierte en una herramienta confiable para cualquier situaci\u00f3n de rescate.<\/p>\n<p>La empu\u00f1adura de pl\u00e1stico es f\u00e1cil de agarrar y proporciona una gran comodidad y control, incluso en situaciones de alta presi\u00f3n. Adem\u00e1s, su color\u00a0 hace que sea f\u00e1cilmente visible en situaciones de poca luz o en entornos de rescate ca\u00f3ticos.<\/p>\n<p>Esta tijera de extricaci\u00f3n es una herramienta esencial para cualquier persona que trabaje en el campo de la atenci\u00f3n m\u00e9dica, la seguridad p\u00fablica o cualquier otra situaci\u00f3n en la que se requiera una respuesta r\u00e1pida y efectiva en caso de emergencia.<\/p>\n","protected":false},"excerpt":{"rendered":"<p>Tijera de trauma punta de pato multifuncional, fabricada en acero inoxidable alem\u00e1n, mango pl\u00e1stico. Esterilizable bajo autoclave. Hojas curvas fabricadas en acero con tratamiento resistente a la corrosi\u00f3n. Con un tama\u00f1o de 14 cm, esta tijera de rescate est\u00e1 dise\u00f1ada para cortar f\u00e1cilmente materiales como cinturones de seguridad, ropa y otros tejidos resistentes en situaciones [&hellip;]<\/p>\n","protected":false},"featured_media":4549,"comment_status":"open","ping_status":"closed","template":"","meta":[],"product_cat":[78],"product_tag":[],"_links":{"self":[{"href":"https:\/\/railen.net\/index.php\/wp-json\/wp\/v2\/product\/4548"}],"collection":[{"href":"https:\/\/railen.net\/index.php\/wp-json\/wp\/v2\/product"}],"about":[{"href":"https:\/\/railen.net\/index.php\/wp-json\/wp\/v2\/types\/product"}],"replies":[{"embeddable":true,"href":"https:\/\/railen.net\/index.php\/wp-json\/wp\/v2\/comments?post=4548"}],"wp:featuredmedia":[{"embeddable":true,"href":"https:\/\/railen.net\/index.php\/wp-json\/wp\/v2\/media\/4549"}],"wp:attachment":[{"href":"https:\/\/railen.net\/index.php\/wp-json\/wp\/v2\/media?parent=4548"}],"wp:term":[{"taxonomy":"product_cat","embeddable":true,"href":"https:\/\/railen.net\/index.php\/wp-json\/wp\/v2\/product_cat?post=4548"},{"taxonomy":"product_tag","embeddable":true,"href":"https:\/\/railen.net\/index.php\/wp-json\/wp\/v2\/product_tag?post=4548"}],"curies":[{"name":"wp","href":"https:\/\/api.w.org\/{rel}","templated":true}]}}