{"id":4520,"date":"2024-07-23T21:36:37","date_gmt":"2024-07-23T21:36:37","guid":{"rendered":"https:\/\/railen.net\/?post_type=product&#038;p=4520"},"modified":"2024-07-24T22:30:51","modified_gmt":"2024-07-24T22:30:51","slug":"aposito-duoderm-extra-thin-10x10","status":"publish","type":"product","link":"https:\/\/railen.net\/index.php\/producto\/aposito-duoderm-extra-thin-10x10\/","title":{"rendered":"Ap\u00f3sito DuoDERM Extra Thin 10X10"},"content":{"rendered":"<p>Ap\u00f3sito DuoDERM Extra Thin 10X10<\/p>\n<p>Dise\u00f1ado para reducir el riesgo de ruptura de la piel debido a la fricci\u00f3n.<\/p>\n<p>El Ap\u00f3sito DuoDERM\u00ae Extra Thin puede usarse como un ap\u00f3sito hidrocoloide primario para heridas secas a ligeramente exudativas.<\/p>\n<p>Las directrices del Comit\u00e9 Europeo de Asesor\u00eda sobre \u00dalceras de Presi\u00f3n y El Comit\u00e9 Nacional de Asesor\u00eda sobre \u00dalceras de Presi\u00f3n recomiendan el uso de los hidrocoloides para el manejo lesiones por depresi\u00f3n<\/p>\n<p>El Ap\u00f3sito DuoDERM\u00ae Extra Thin puede usarse para manejar las \u00falceras depresi\u00f3n de etapa I y de etapa II.<\/p>\n<ul>\n<li>Una pel\u00edcula delgada de poliuretano proporciona una barrera bacteriana y viral cuando el ap\u00f3sito permanece intacto y sin fuga.<\/li>\n<li>La pel\u00edcula proporciona una barrera resistente al agua sobre el ap\u00f3sito.<\/li>\n<li>El ap\u00f3sito puede retirarse sin da\u00f1ar el tejido recientemente formado.<\/li>\n<li>Est\u00e1 dise\u00f1ado para reducir el riesgo de lesiones de la piel debido a la fricci\u00f3n previniendo su contacto con la ropa \/ ropa de cama.<\/li>\n<li>Puede usarse como un ap\u00f3sito primario o secundario.<\/li>\n<li>Puede usarse en rasgaduras de la piel y heridas superficiales, heridas secas a ligeramente exudativas, tejido recientemente formado o piel en riesgo de lesiones.<\/li>\n<\/ul>\n","protected":false},"excerpt":{"rendered":"<p>Ap\u00f3sito DuoDERM Extra Thin 10X10 Dise\u00f1ado para reducir el riesgo de ruptura de la piel debido a la fricci\u00f3n. El Ap\u00f3sito DuoDERM\u00ae Extra Thin puede usarse como un ap\u00f3sito hidrocoloide primario para heridas secas a ligeramente exudativas. Las directrices del Comit\u00e9 Europeo de Asesor\u00eda sobre \u00dalceras de Presi\u00f3n y El Comit\u00e9 Nacional de Asesor\u00eda sobre [&hellip;]<\/p>\n","protected":false},"featured_media":4521,"comment_status":"open","ping_status":"closed","template":"","meta":[],"product_cat":[81],"product_tag":[],"_links":{"self":[{"href":"https:\/\/railen.net\/index.php\/wp-json\/wp\/v2\/product\/4520"}],"collection":[{"href":"https:\/\/railen.net\/index.php\/wp-json\/wp\/v2\/product"}],"about":[{"href":"https:\/\/railen.net\/index.php\/wp-json\/wp\/v2\/types\/product"}],"replies":[{"embeddable":true,"href":"https:\/\/railen.net\/index.php\/wp-json\/wp\/v2\/comments?post=4520"}],"wp:featuredmedia":[{"embeddable":true,"href":"https:\/\/railen.net\/index.php\/wp-json\/wp\/v2\/media\/4521"}],"wp:attachment":[{"href":"https:\/\/railen.net\/index.php\/wp-json\/wp\/v2\/media?parent=4520"}],"wp:term":[{"taxonomy":"product_cat","embeddable":true,"href":"https:\/\/railen.net\/index.php\/wp-json\/wp\/v2\/product_cat?post=4520"},{"taxonomy":"product_tag","embeddable":true,"href":"https:\/\/railen.net\/index.php\/wp-json\/wp\/v2\/product_tag?post=4520"}],"curies":[{"name":"wp","href":"https:\/\/api.w.org\/{rel}","templated":true}]}}