{"id":4518,"date":"2024-07-23T21:31:08","date_gmt":"2024-07-23T21:31:08","guid":{"rendered":"https:\/\/railen.net\/?post_type=product&#038;p=4518"},"modified":"2024-07-23T21:31:08","modified_gmt":"2024-07-23T21:31:08","slug":"guantes-de-compresion-para-artritis-artrosis-y-tendinitis","status":"publish","type":"product","link":"https:\/\/railen.net\/index.php\/producto\/guantes-de-compresion-para-artritis-artrosis-y-tendinitis\/","title":{"rendered":"GUANTES DE COMPRESI\u00d3N PARA ARTRITIS, ARTROSIS Y TENDINITIS"},"content":{"rendered":"<p>GUANTES DE COMPRESI\u00d3N PARA ARTRITIS, ARTROSIS Y TENDINITIS<br \/>\n\u00bfSufres de dolor en las articulaciones? \u00bfQuieres aliviar el dolor del t\u00fanel carpiano?.<br \/>\nSu efecto compresivo ayuda a estabilizar los m\u00fasculos, causando una disminuci\u00f3n de la fatiga muscular y de las articulaciones. Nuestros guantes de compresi\u00f3n est\u00e1n dise\u00f1ados para dar comodidad y rendimiento todo el d\u00eda. Aqu\u00ed algunas de sus m\u00faltiples funciones y beneficios:<br \/>\n\u2013 Compresi\u00f3n; Proporciona una compresi\u00f3n suave para el calor y ayuda a aumentar la circulaci\u00f3n, que en \u00faltima instancia reduce el dolor y promueve la curaci\u00f3n.<br \/>\n\u2013 Reduce el Dolor en los Dedos y Articulaciones de las Manos.<br \/>\n-Disminuye la Hinchaz\u00f3n en las Manos.<br \/>\n-Reduce la Rigidez en las Articulaciones.<br \/>\n-Mejora la Movilidad de las Manos.<br \/>\n-Aumenta la Circulaci\u00f3n Sangu\u00ednea.<br \/>\n-Reduce el Hormigueo y la Incomodidad Constante.<br \/>\nFabricados con un material de excelente calidad, es ligero y transpirable de algod\u00f3n-spandex que te permitir\u00e1 llevar los guantes c\u00f3modamente durante todo el d\u00eda. \u2013 Siente la ligereza y diferencia usando los guantes.<br \/>\n\u2013 Dedos abiertos cortados; El corte abierto de las yemas de los dedos permite una completa libertad para sentir, tocar y agarrar para que puedas realizar tareas diarias sin problemas.<br \/>\n\u2013 Costura duradera y dise\u00f1ada para evitar la irritaci\u00f3n<br \/>\n\u2013 F\u00e1cil de limpiar<br \/>\n*Tama\u00f1os que se ajustan a todos los tipos de mano*<br \/>\nS = 8 CMS.<br \/>\nM = 9 CMS.<br \/>\nL = 10 CMS.<br \/>\nLos guantes est\u00e1n dise\u00f1ados para todas las edades, g\u00e9neros y tipos de manos, incluyendo aquellos con y sin problemas preexistentes de manos.\u00dasalos en cualquier lugar: al trabajar, escribir, hacer ejercicio, conducir, caminar, correr, computador, jardiner\u00eda, cocinar.<br \/>\nEspecificaciones:<br \/>\n\u2013 Tama\u00f1os: S, M y L \u00fanicamente.<br \/>\n\u2013 Material: algod\u00f3n \u2013 spandex, material que asegura un uso c\u00f3modo<\/p>\n","protected":false},"excerpt":{"rendered":"<p>GUANTES DE COMPRESI\u00d3N PARA ARTRITIS, ARTROSIS Y TENDINITIS \u00bfSufres de dolor en las articulaciones? \u00bfQuieres aliviar el dolor del t\u00fanel carpiano?. Su efecto compresivo ayuda a estabilizar los m\u00fasculos, causando una disminuci\u00f3n de la fatiga muscular y de las articulaciones. Nuestros guantes de compresi\u00f3n est\u00e1n dise\u00f1ados para dar comodidad y rendimiento todo el d\u00eda. Aqu\u00ed [&hellip;]<\/p>\n","protected":false},"featured_media":4519,"comment_status":"open","ping_status":"closed","template":"","meta":[],"product_cat":[54],"product_tag":[],"_links":{"self":[{"href":"https:\/\/railen.net\/index.php\/wp-json\/wp\/v2\/product\/4518"}],"collection":[{"href":"https:\/\/railen.net\/index.php\/wp-json\/wp\/v2\/product"}],"about":[{"href":"https:\/\/railen.net\/index.php\/wp-json\/wp\/v2\/types\/product"}],"replies":[{"embeddable":true,"href":"https:\/\/railen.net\/index.php\/wp-json\/wp\/v2\/comments?post=4518"}],"wp:featuredmedia":[{"embeddable":true,"href":"https:\/\/railen.net\/index.php\/wp-json\/wp\/v2\/media\/4519"}],"wp:attachment":[{"href":"https:\/\/railen.net\/index.php\/wp-json\/wp\/v2\/media?parent=4518"}],"wp:term":[{"taxonomy":"product_cat","embeddable":true,"href":"https:\/\/railen.net\/index.php\/wp-json\/wp\/v2\/product_cat?post=4518"},{"taxonomy":"product_tag","embeddable":true,"href":"https:\/\/railen.net\/index.php\/wp-json\/wp\/v2\/product_tag?post=4518"}],"curies":[{"name":"wp","href":"https:\/\/api.w.org\/{rel}","templated":true}]}}