{"id":4503,"date":"2024-07-23T21:01:19","date_gmt":"2024-07-23T21:01:19","guid":{"rendered":"https:\/\/railen.net\/?post_type=product&#038;p=4503"},"modified":"2024-07-24T16:12:19","modified_gmt":"2024-07-24T16:12:19","slug":"placa-natura-flexible-convatec-125265","status":"publish","type":"product","link":"https:\/\/railen.net\/index.php\/producto\/placa-natura-flexible-convatec-125265\/","title":{"rendered":"Placa Natura Flexible Convatec-125265"},"content":{"rendered":"<p>Placa Natura Flexible Convatec-125265<\/p>\n<div class=\"woocommerce-product-details__short-description\">\n<p>El sistema de ostom\u00eda SUR-FIT Plus es una l\u00ednea de productos integral de \u00faltima tecnolog\u00eda en barreras cut\u00e1neas.<\/p>\n<p>El anillo de acoplamiento de pl\u00e1stico permite que la bolsa y la barrera de la piel se unan para una seguridad audible.<\/p>\n<p>Las barreras cut\u00e1neas Stomahesive \u00ae son ideales para las personas cuya producci\u00f3n de estoma es semiformada o formada.<\/p>\n<p><strong>Tama\u00f1o:<\/strong>\u00a057 mm<\/p>\n<\/div>\n","protected":false},"excerpt":{"rendered":"<p>Placa Natura Flexible Convatec-125265 El sistema de ostom\u00eda SUR-FIT Plus es una l\u00ednea de productos integral de \u00faltima tecnolog\u00eda en barreras cut\u00e1neas. El anillo de acoplamiento de pl\u00e1stico permite que la bolsa y la barrera de la piel se unan para una seguridad audible. Las barreras cut\u00e1neas Stomahesive \u00ae son ideales para las personas cuya [&hellip;]<\/p>\n","protected":false},"featured_media":4504,"comment_status":"open","ping_status":"closed","template":"","meta":[],"product_cat":[79],"product_tag":[],"_links":{"self":[{"href":"https:\/\/railen.net\/index.php\/wp-json\/wp\/v2\/product\/4503"}],"collection":[{"href":"https:\/\/railen.net\/index.php\/wp-json\/wp\/v2\/product"}],"about":[{"href":"https:\/\/railen.net\/index.php\/wp-json\/wp\/v2\/types\/product"}],"replies":[{"embeddable":true,"href":"https:\/\/railen.net\/index.php\/wp-json\/wp\/v2\/comments?post=4503"}],"wp:featuredmedia":[{"embeddable":true,"href":"https:\/\/railen.net\/index.php\/wp-json\/wp\/v2\/media\/4504"}],"wp:attachment":[{"href":"https:\/\/railen.net\/index.php\/wp-json\/wp\/v2\/media?parent=4503"}],"wp:term":[{"taxonomy":"product_cat","embeddable":true,"href":"https:\/\/railen.net\/index.php\/wp-json\/wp\/v2\/product_cat?post=4503"},{"taxonomy":"product_tag","embeddable":true,"href":"https:\/\/railen.net\/index.php\/wp-json\/wp\/v2\/product_tag?post=4503"}],"curies":[{"name":"wp","href":"https:\/\/api.w.org\/{rel}","templated":true}]}}