{"id":4497,"date":"2024-07-23T20:49:57","date_gmt":"2024-07-23T20:49:57","guid":{"rendered":"https:\/\/railen.net\/?post_type=product&#038;p=4497"},"modified":"2024-07-24T16:13:01","modified_gmt":"2024-07-24T16:13:01","slug":"bolsa-colostomia-active-life-drenable-convatec-125371","status":"publish","type":"product","link":"https:\/\/railen.net\/index.php\/producto\/bolsa-colostomia-active-life-drenable-convatec-125371\/","title":{"rendered":"Bolsa Colostom\u00eda Active Life Drenable Convatec-125371"},"content":{"rendered":"<p>Bolsa Colostom\u00eda Active Life Drenable Convatec-ref125371<\/p>\n<p>Sistema con placa para\u00a0ileostom\u00edas y colostom\u00edas<\/p>\n<p>El sistema de una pieza recortable Active Life de 19-64 mm para ostom\u00edas digestivas, es la soluci\u00f3n todo en uno que combina la barrera protectora de piel y bolsa en una sola unidad lo cual permite un uso simple, seguro y c\u00f3modo.<\/p>\n<p>Con bolsa drenable y disco de protecci\u00f3n, agradable a la piel sin dejar de ser seguro, f\u00e1cil de usar, flexible y discreto.<\/p>\n<p>Con Stomahesive la cual es una barrera protectora de piel que ofrece gran seguridad para las personas con eliminaci\u00f3n de heces formadas o semiformadas debi\u00f3 a su formulaci\u00f3n especial que permite adherirse a la piel tanto seca como h\u00fameda.<\/p>\n","protected":false},"excerpt":{"rendered":"<p>Bolsa Colostom\u00eda Active Life Drenable Convatec-ref125371 Sistema con placa para\u00a0ileostom\u00edas y colostom\u00edas El sistema de una pieza recortable Active Life de 19-64 mm para ostom\u00edas digestivas, es la soluci\u00f3n todo en uno que combina la barrera protectora de piel y bolsa en una sola unidad lo cual permite un uso simple, seguro y c\u00f3modo. Con [&hellip;]<\/p>\n","protected":false},"featured_media":4498,"comment_status":"open","ping_status":"closed","template":"","meta":[],"product_cat":[79],"product_tag":[],"_links":{"self":[{"href":"https:\/\/railen.net\/index.php\/wp-json\/wp\/v2\/product\/4497"}],"collection":[{"href":"https:\/\/railen.net\/index.php\/wp-json\/wp\/v2\/product"}],"about":[{"href":"https:\/\/railen.net\/index.php\/wp-json\/wp\/v2\/types\/product"}],"replies":[{"embeddable":true,"href":"https:\/\/railen.net\/index.php\/wp-json\/wp\/v2\/comments?post=4497"}],"wp:featuredmedia":[{"embeddable":true,"href":"https:\/\/railen.net\/index.php\/wp-json\/wp\/v2\/media\/4498"}],"wp:attachment":[{"href":"https:\/\/railen.net\/index.php\/wp-json\/wp\/v2\/media?parent=4497"}],"wp:term":[{"taxonomy":"product_cat","embeddable":true,"href":"https:\/\/railen.net\/index.php\/wp-json\/wp\/v2\/product_cat?post=4497"},{"taxonomy":"product_tag","embeddable":true,"href":"https:\/\/railen.net\/index.php\/wp-json\/wp\/v2\/product_tag?post=4497"}],"curies":[{"name":"wp","href":"https:\/\/api.w.org\/{rel}","templated":true}]}}