{"id":4431,"date":"2024-07-23T16:51:47","date_gmt":"2024-07-23T16:51:47","guid":{"rendered":"https:\/\/railen.net\/?post_type=product&#038;p=4431"},"modified":"2024-07-23T16:51:47","modified_gmt":"2024-07-23T16:51:47","slug":"rodillera-con-rotula-abierta-actimove","status":"publish","type":"product","link":"https:\/\/railen.net\/index.php\/producto\/rodillera-con-rotula-abierta-actimove\/","title":{"rendered":"Rodillera con Rotula Abierta ActiMove"},"content":{"rendered":"<p>Rodillera con Rotula Abierta ActiMove<\/p>\n<p class=\"ui-pdp-description__content\">Realiza una compresi\u00f3n firme, reduce la presi\u00f3n de la r\u00f3tula gracias a su dise\u00f1o de r\u00f3tula abierta e incorpora un dise\u00f1o de tejido funcional para mayor comodidad en el d\u00eda a d\u00eda.<\/p>\n<p>Caracter\u00edsticas:<\/p>\n<p>*El balance entre calor y compresi\u00f3n terap\u00e9utica contribuye al alivio del dolor<br \/>\ny la curaci\u00f3n.<br \/>\n*C\u00f3modo y respirable gracias al tejido perforado, material de alto rendimiento<br \/>\nlibre de neopreno.<br \/>\n*Soporte confiable y duradero para la movilidad diaria.<br \/>\n*Dise\u00f1o con forma anat\u00f3mica pensado para un ajuste de forma \u00f3ptima.<br \/>\n*C\u00f3modo y suave en el \u00e1rea popl\u00edtea.<br \/>\n*Bordes reforzados para lograr un uso duradero.<br \/>\n*Puede utilizarse en rodilla derecha o izquierda.<br \/>\n*Libre de l\u00e1tex.<br \/>\n*Vida \u00fatil de 5 a\u00f1os.<\/p>\n<p>Esterilizaci\u00f3n:<br \/>\n\u2022 No est\u00e9ril.<\/p>\n<p>Almacenamiento:<br \/>\n\u2022 Seco, limpio y sin exposici\u00f3n a la luz solar directa.<\/p>\n<p>Recomendaciones de uso:<\/p>\n<p>\u2022 Patolog\u00edas degenerativas de rodilla, s\u00edndrome por sobrecarga o movimiento<br \/>\nrepetitivo y dolor cr\u00f3nico de rodilla.<\/p>\n<p>Composici\u00f3n:<br \/>\n\u2022 Elastano, poliamida, poli\u00e9ster, PVC y SBR.<\/p>\n","protected":false},"excerpt":{"rendered":"<p>Rodillera con Rotula Abierta ActiMove Realiza una compresi\u00f3n firme, reduce la presi\u00f3n de la r\u00f3tula gracias a su dise\u00f1o de r\u00f3tula abierta e incorpora un dise\u00f1o de tejido funcional para mayor comodidad en el d\u00eda a d\u00eda. Caracter\u00edsticas: *El balance entre calor y compresi\u00f3n terap\u00e9utica contribuye al alivio del dolor y la curaci\u00f3n. *C\u00f3modo y [&hellip;]<\/p>\n","protected":false},"featured_media":4432,"comment_status":"open","ping_status":"closed","template":"","meta":[],"product_cat":[60,53],"product_tag":[],"_links":{"self":[{"href":"https:\/\/railen.net\/index.php\/wp-json\/wp\/v2\/product\/4431"}],"collection":[{"href":"https:\/\/railen.net\/index.php\/wp-json\/wp\/v2\/product"}],"about":[{"href":"https:\/\/railen.net\/index.php\/wp-json\/wp\/v2\/types\/product"}],"replies":[{"embeddable":true,"href":"https:\/\/railen.net\/index.php\/wp-json\/wp\/v2\/comments?post=4431"}],"wp:featuredmedia":[{"embeddable":true,"href":"https:\/\/railen.net\/index.php\/wp-json\/wp\/v2\/media\/4432"}],"wp:attachment":[{"href":"https:\/\/railen.net\/index.php\/wp-json\/wp\/v2\/media?parent=4431"}],"wp:term":[{"taxonomy":"product_cat","embeddable":true,"href":"https:\/\/railen.net\/index.php\/wp-json\/wp\/v2\/product_cat?post=4431"},{"taxonomy":"product_tag","embeddable":true,"href":"https:\/\/railen.net\/index.php\/wp-json\/wp\/v2\/product_tag?post=4431"}],"curies":[{"name":"wp","href":"https:\/\/api.w.org\/{rel}","templated":true}]}}

<p>Rodillera con Rotula Abierta ActiMove</p>
<p class="ui-pdp-description__content">Realiza una compresión firme, reduce la presión de la rótula gracias a su diseño de rótula abierta e incorpora un diseño de tejido funcional para mayor comodidad en el día a día.</p>
<p>Características:</p>
<p>*El balance entre calor y compresión terapéutica contribuye al alivio del dolor<br />
y la curación.<br />
*Cómodo y respirable gracias al tejido perforado, material de alto rendimiento<br />
libre de neopreno.<br />
*Soporte confiable y duradero para la movilidad diaria.<br />
*Diseño con forma anatómica pensado para un ajuste de forma óptima.<br />
*Cómodo y suave en el área poplítea.<br />
*Bordes reforzados para lograr un uso duradero.<br />
*Puede utilizarse en rodilla derecha o izquierda.<br />
*Libre de látex.<br />
*Vida útil de 5 años.</p>
<p>Esterilización:<br />
• No estéril.</p>
<p>Almacenamiento:<br />
• Seco, limpio y sin exposición a la luz solar directa.</p>
<p>Recomendaciones de uso:</p>
<p>• Patologías degenerativas de rodilla, síndrome por sobrecarga o movimiento<br />
repetitivo y dolor crónico de rodilla.</p>
<p>Composición:<br />
• Elastano, poliamida, poliéster, PVC y SBR.</p>

<p>Rodillera con Rotula Abierta ActiMove Realiza una compresión firme, reduce la presión de la rótula gracias a su diseño de rótula abierta e incorpora un diseño de tejido funcional para mayor comodidad en el día a día. Características: *El balance entre calor y compresión terapéutica contribuye al alivio del dolor y la curación. *Cómodo y [&hellip;]</p>
