{"id":4426,"date":"2024-07-23T16:38:52","date_gmt":"2024-07-23T16:38:52","guid":{"rendered":"https:\/\/railen.net\/?post_type=product&#038;p=4426"},"modified":"2024-07-23T16:42:53","modified_gmt":"2024-07-23T16:42:53","slug":"rodillera-estabilizadora-cerrada-actimove","status":"publish","type":"product","link":"https:\/\/railen.net\/index.php\/producto\/rodillera-estabilizadora-cerrada-actimove\/","title":{"rendered":"Rodillera Estabilizadora Cerrada ActiMove"},"content":{"rendered":"<p class=\"product-heading__name\">Rodillera Estabilizadora Cerrada ActiMove<\/p>\n<p>Gran comodidad con una transpirabilidad excepcional gracias al tejido perforado de secado r\u00e1pido, con material de alto rendimiento, sin neopreno, fabricado con tecnolog\u00eda COOLMAX AIR. Modelo cerrado. Soporte adicional para la rodilla con estabilizadores en espiral mediales y laterales. Permanece en su sitio gracias al ajuste individual proporcionado por la correa de soporte el\u00e1stica de cierre de gancho y bucle. Mejoramiento de la alineaci\u00f3n de la r\u00f3tula mediante un incremento de la presi\u00f3n a trav\u00e9s del ajuste de la herradura en posici\u00f3n inferior, superior, medial o lateral.<\/p>\n<p>Indicara para: S\u00edndrome de dolor rotuliano, alineaci\u00f3n y subluxaci\u00f3n rotuliana, inestabilidad rotuliana, condromalacia rotuliana, tendinitis rotuliana.<\/p>\n","protected":false},"excerpt":{"rendered":"<p>Rodillera Estabilizadora Cerrada ActiMove Gran comodidad con una transpirabilidad excepcional gracias al tejido perforado de secado r\u00e1pido, con material de alto rendimiento, sin neopreno, fabricado con tecnolog\u00eda COOLMAX AIR. Modelo cerrado. Soporte adicional para la rodilla con estabilizadores en espiral mediales y laterales. Permanece en su sitio gracias al ajuste individual proporcionado por la correa [&hellip;]<\/p>\n","protected":false},"featured_media":4427,"comment_status":"open","ping_status":"closed","template":"","meta":[],"product_cat":[60,53],"product_tag":[],"_links":{"self":[{"href":"https:\/\/railen.net\/index.php\/wp-json\/wp\/v2\/product\/4426"}],"collection":[{"href":"https:\/\/railen.net\/index.php\/wp-json\/wp\/v2\/product"}],"about":[{"href":"https:\/\/railen.net\/index.php\/wp-json\/wp\/v2\/types\/product"}],"replies":[{"embeddable":true,"href":"https:\/\/railen.net\/index.php\/wp-json\/wp\/v2\/comments?post=4426"}],"wp:featuredmedia":[{"embeddable":true,"href":"https:\/\/railen.net\/index.php\/wp-json\/wp\/v2\/media\/4427"}],"wp:attachment":[{"href":"https:\/\/railen.net\/index.php\/wp-json\/wp\/v2\/media?parent=4426"}],"wp:term":[{"taxonomy":"product_cat","embeddable":true,"href":"https:\/\/railen.net\/index.php\/wp-json\/wp\/v2\/product_cat?post=4426"},{"taxonomy":"product_tag","embeddable":true,"href":"https:\/\/railen.net\/index.php\/wp-json\/wp\/v2\/product_tag?post=4426"}],"curies":[{"name":"wp","href":"https:\/\/api.w.org\/{rel}","templated":true}]}}