{"id":4384,"date":"2024-07-22T21:17:43","date_gmt":"2024-07-22T21:17:43","guid":{"rendered":"https:\/\/railen.net\/?post_type=product&#038;p=4384"},"modified":"2024-07-23T19:31:21","modified_gmt":"2024-07-23T19:31:21","slug":"aposito-multiuso-para-ti","status":"publish","type":"product","link":"https:\/\/railen.net\/index.php\/producto\/aposito-multiuso-para-ti\/","title":{"rendered":"AP\u00d3SITO MULTIUSO PARA T\u00cd"},"content":{"rendered":"<div class=\"col-lg-4 col-md-4 col-sm-6 col-xs-6 prueba-class post-902 product type-product status-publish has-post-thumbnail product_cat-apositos first instock taxable shipping-taxable product-type-simple\">\n<div class=\"product-block grid\" data-product-id=\"902\">\n<div class=\"caption\">\n<div class=\"meta\">\n<h2 class=\"name\">Parat\u00ed Ap\u00f3sitos (TU) Talla \u00danica<\/h2>\n<p>Formato: TU Talla \u00danica\u00a0 36X16,5CM<\/p>\n<p>Unid.\/Bolsa: 20<\/p>\n<\/div>\n<\/div>\n<\/div>\n<\/div>\n<div class=\"col-lg-4 col-md-4 col-sm-6 col-xs-6 prueba-class post-901 product type-product status-publish has-post-thumbnail product_cat-apositos  instock taxable shipping-taxable product-type-simple\">\n<div class=\"product-block grid\" data-product-id=\"901\">\n<div class=\"caption\">\n<div class=\"meta\">\n<h2 class=\"name\">Parat\u00ed Ap\u00f3sitos G<\/h2>\n<p>Formato: G\u00a0 45X16CM<\/p>\n<p>Unid.\/Bolsa: 20<\/p>\n<\/div>\n<\/div>\n<\/div>\n<\/div>\n<div class=\"col-lg-4 col-md-4 col-sm-6 col-xs-6 prueba-class post-895 product type-product status-publish has-post-thumbnail product_cat-apositos last instock taxable shipping-taxable product-type-simple\">\n<div class=\"product-block grid\" data-product-id=\"895\">\n<div class=\"caption\">\n<div class=\"meta\">\n<h2 class=\"name\">Parat\u00ed Ap\u00f3sitos XG<\/h2>\n<p>Formato: XG\u00a0 \u00a050X16CM<\/p>\n<p>Unid.\/Bolsa: 20<\/p>\n<p>&nbsp;<\/p>\n<\/div>\n<\/div>\n<\/div>\n<\/div>\n","protected":false},"excerpt":{"rendered":"<p>Parat\u00ed Ap\u00f3sitos (TU) Talla \u00danica Formato: TU Talla \u00danica\u00a0 36X16,5CM Unid.\/Bolsa: 20 Parat\u00ed Ap\u00f3sitos G Formato: G\u00a0 45X16CM Unid.\/Bolsa: 20 Parat\u00ed Ap\u00f3sitos XG Formato: XG\u00a0 \u00a050X16CM Unid.\/Bolsa: 20 &nbsp;<\/p>\n","protected":false},"featured_media":4385,"comment_status":"open","ping_status":"closed","template":"","meta":[],"product_cat":[15,47,71],"product_tag":[],"_links":{"self":[{"href":"https:\/\/railen.net\/index.php\/wp-json\/wp\/v2\/product\/4384"}],"collection":[{"href":"https:\/\/railen.net\/index.php\/wp-json\/wp\/v2\/product"}],"about":[{"href":"https:\/\/railen.net\/index.php\/wp-json\/wp\/v2\/types\/product"}],"replies":[{"embeddable":true,"href":"https:\/\/railen.net\/index.php\/wp-json\/wp\/v2\/comments?post=4384"}],"wp:featuredmedia":[{"embeddable":true,"href":"https:\/\/railen.net\/index.php\/wp-json\/wp\/v2\/media\/4385"}],"wp:attachment":[{"href":"https:\/\/railen.net\/index.php\/wp-json\/wp\/v2\/media?parent=4384"}],"wp:term":[{"taxonomy":"product_cat","embeddable":true,"href":"https:\/\/railen.net\/index.php\/wp-json\/wp\/v2\/product_cat?post=4384"},{"taxonomy":"product_tag","embeddable":true,"href":"https:\/\/railen.net\/index.php\/wp-json\/wp\/v2\/product_tag?post=4384"}],"curies":[{"name":"wp","href":"https:\/\/api.w.org\/{rel}","templated":true}]}}