{"id":4368,"date":"2024-07-22T20:44:54","date_gmt":"2024-07-22T20:44:54","guid":{"rendered":"https:\/\/railen.net\/?post_type=product&#038;p=4368"},"modified":"2024-07-22T20:44:54","modified_gmt":"2024-07-22T20:44:54","slug":"estribo-corrector-para-dedo-par","status":"publish","type":"product","link":"https:\/\/railen.net\/index.php\/producto\/estribo-corrector-para-dedo-par\/","title":{"rendered":"ESTRIBO CORRECTOR PARA DEDO (PAR)"},"content":{"rendered":"<p>ESTRIBO CORRECTOR PARA DEDO (PAR)<\/p>\n<p>Estribo corrector para dedos dise\u00f1ado en silicona es hipoalerg\u00e9nico, no t\u00f3xico, no inflamable, inodoro, totalmente lavable y mantendr\u00e1 su densidad.<\/p>\n<p>Posee un anillo en silicona para fijar los dedos y fijar el posicionamiento del producto, aumentando la durabilidad y comodidad.<\/p>\n<p>Indicaci\u00f3n Metatarsalgia Fascitis plantar Prevenci\u00f3n y tratamiento de patolog\u00edas del antepi\u00e9 y alivio inmediato de dolores Amortigua la presi\u00f3n ejercida por el cuerpo sobre el tal\u00f3n Bursitis retrocalc\u00e1nea Pr\u00e1ctica de deportes, absorci\u00f3n de impacto.<\/p>\n","protected":false},"excerpt":{"rendered":"<p>ESTRIBO CORRECTOR PARA DEDO (PAR) Estribo corrector para dedos dise\u00f1ado en silicona es hipoalerg\u00e9nico, no t\u00f3xico, no inflamable, inodoro, totalmente lavable y mantendr\u00e1 su densidad. Posee un anillo en silicona para fijar los dedos y fijar el posicionamiento del producto, aumentando la durabilidad y comodidad. Indicaci\u00f3n Metatarsalgia Fascitis plantar Prevenci\u00f3n y tratamiento de patolog\u00edas del [&hellip;]<\/p>\n","protected":false},"featured_media":4369,"comment_status":"open","ping_status":"closed","template":"","meta":[],"product_cat":[47,50],"product_tag":[],"_links":{"self":[{"href":"https:\/\/railen.net\/index.php\/wp-json\/wp\/v2\/product\/4368"}],"collection":[{"href":"https:\/\/railen.net\/index.php\/wp-json\/wp\/v2\/product"}],"about":[{"href":"https:\/\/railen.net\/index.php\/wp-json\/wp\/v2\/types\/product"}],"replies":[{"embeddable":true,"href":"https:\/\/railen.net\/index.php\/wp-json\/wp\/v2\/comments?post=4368"}],"wp:featuredmedia":[{"embeddable":true,"href":"https:\/\/railen.net\/index.php\/wp-json\/wp\/v2\/media\/4369"}],"wp:attachment":[{"href":"https:\/\/railen.net\/index.php\/wp-json\/wp\/v2\/media?parent=4368"}],"wp:term":[{"taxonomy":"product_cat","embeddable":true,"href":"https:\/\/railen.net\/index.php\/wp-json\/wp\/v2\/product_cat?post=4368"},{"taxonomy":"product_tag","embeddable":true,"href":"https:\/\/railen.net\/index.php\/wp-json\/wp\/v2\/product_tag?post=4368"}],"curies":[{"name":"wp","href":"https:\/\/api.w.org\/{rel}","templated":true}]}}