{"id":4364,"date":"2024-07-22T20:41:50","date_gmt":"2024-07-22T20:41:50","guid":{"rendered":"https:\/\/railen.net\/?post_type=product&#038;p=4364"},"modified":"2024-07-22T20:41:50","modified_gmt":"2024-07-22T20:41:50","slug":"separador-de-dedos-en-gel-polimero","status":"publish","type":"product","link":"https:\/\/railen.net\/index.php\/producto\/separador-de-dedos-en-gel-polimero\/","title":{"rendered":"SEPARADOR DE DEDOS EN GEL POLIMERO"},"content":{"rendered":"<p>SEPARADOR DE DEDOS EN GEL POLIMERO.<\/p>\n<p>Separador de dedo en gel pol\u00edmero silicona es hipoalerg\u00e9nica, no t\u00f3xico, no inflamable, inodoro, totalmente lavable y mantendr\u00e1 su densidad.<\/p>\n<p>Su dise\u00f1o de forma anat\u00f3mica creado para este separador sea ideal para aliviar todo tipo de presiones entre los dedos del pie.<\/p>\n<p>Indicaci\u00f3n : Quemaduras, queloides, mantiene la piel h\u00fameda. Amputaci\u00f3n parcial de los dedos Protege callos, callosidades, u\u00f1as encarnadas y da\u00f1adas.<\/p>\n<p>Permite utilizaci\u00f3n de medicaci\u00f3n t\u00f3pica.<\/p>\n<p>Proporciona comodidad y alivio inmediato de los dolores.<\/p>\n","protected":false},"excerpt":{"rendered":"<p>SEPARADOR DE DEDOS EN GEL POLIMERO. Separador de dedo en gel pol\u00edmero silicona es hipoalerg\u00e9nica, no t\u00f3xico, no inflamable, inodoro, totalmente lavable y mantendr\u00e1 su densidad. Su dise\u00f1o de forma anat\u00f3mica creado para este separador sea ideal para aliviar todo tipo de presiones entre los dedos del pie. Indicaci\u00f3n : Quemaduras, queloides, mantiene la piel [&hellip;]<\/p>\n","protected":false},"featured_media":4365,"comment_status":"open","ping_status":"closed","template":"","meta":[],"product_cat":[47,50],"product_tag":[],"_links":{"self":[{"href":"https:\/\/railen.net\/index.php\/wp-json\/wp\/v2\/product\/4364"}],"collection":[{"href":"https:\/\/railen.net\/index.php\/wp-json\/wp\/v2\/product"}],"about":[{"href":"https:\/\/railen.net\/index.php\/wp-json\/wp\/v2\/types\/product"}],"replies":[{"embeddable":true,"href":"https:\/\/railen.net\/index.php\/wp-json\/wp\/v2\/comments?post=4364"}],"wp:featuredmedia":[{"embeddable":true,"href":"https:\/\/railen.net\/index.php\/wp-json\/wp\/v2\/media\/4365"}],"wp:attachment":[{"href":"https:\/\/railen.net\/index.php\/wp-json\/wp\/v2\/media?parent=4364"}],"wp:term":[{"taxonomy":"product_cat","embeddable":true,"href":"https:\/\/railen.net\/index.php\/wp-json\/wp\/v2\/product_cat?post=4364"},{"taxonomy":"product_tag","embeddable":true,"href":"https:\/\/railen.net\/index.php\/wp-json\/wp\/v2\/product_tag?post=4364"}],"curies":[{"name":"wp","href":"https:\/\/api.w.org\/{rel}","templated":true}]}}