{"id":4361,"date":"2024-07-22T20:33:03","date_gmt":"2024-07-22T20:33:03","guid":{"rendered":"https:\/\/railen.net\/?post_type=product&#038;p=4361"},"modified":"2024-07-22T20:33:03","modified_gmt":"2024-07-22T20:33:03","slug":"corrector-de-juanete-nocturno","status":"publish","type":"product","link":"https:\/\/railen.net\/index.php\/producto\/corrector-de-juanete-nocturno\/","title":{"rendered":"CORRECTOR DE JUANETE NOCTURNO"},"content":{"rendered":"<p>CORRECTOR DE JUANETE NOCTURNO<\/p>\n<p>Corrector de juanete nocturno, especial para el tratamiento del Hallux Valgus (juanete) en sus primeras fases de formaci\u00f3n, ya que mantiene el primer dedo del pie alineado.<\/p>\n<p>Disponible para pie izquierdo y derecho, se ajusta con cierre de contacto.<\/p>\n<p>Indicaci\u00f3n: Indicado para corregir gradualmente el juanete (hallux valgus), evitando que se acent\u00fae la deformaci\u00f3n y el dolor.<\/p>\n<p>Cara Interna: 50% Algod\u00f3n \/ Poli\u00e9ster 50%<\/p>\n<p>Cara Externa: 100% Poli\u00e9ster<\/p>\n<p>F\u00e9rulas: 100% Aluminio<\/p>\n<p>Cierre de Contacto: 100% Nylon<\/p>\n","protected":false},"excerpt":{"rendered":"<p>CORRECTOR DE JUANETE NOCTURNO Corrector de juanete nocturno, especial para el tratamiento del Hallux Valgus (juanete) en sus primeras fases de formaci\u00f3n, ya que mantiene el primer dedo del pie alineado. Disponible para pie izquierdo y derecho, se ajusta con cierre de contacto. Indicaci\u00f3n: Indicado para corregir gradualmente el juanete (hallux valgus), evitando que se [&hellip;]<\/p>\n","protected":false},"featured_media":4362,"comment_status":"open","ping_status":"closed","template":"","meta":[],"product_cat":[60,50],"product_tag":[],"_links":{"self":[{"href":"https:\/\/railen.net\/index.php\/wp-json\/wp\/v2\/product\/4361"}],"collection":[{"href":"https:\/\/railen.net\/index.php\/wp-json\/wp\/v2\/product"}],"about":[{"href":"https:\/\/railen.net\/index.php\/wp-json\/wp\/v2\/types\/product"}],"replies":[{"embeddable":true,"href":"https:\/\/railen.net\/index.php\/wp-json\/wp\/v2\/comments?post=4361"}],"wp:featuredmedia":[{"embeddable":true,"href":"https:\/\/railen.net\/index.php\/wp-json\/wp\/v2\/media\/4362"}],"wp:attachment":[{"href":"https:\/\/railen.net\/index.php\/wp-json\/wp\/v2\/media?parent=4361"}],"wp:term":[{"taxonomy":"product_cat","embeddable":true,"href":"https:\/\/railen.net\/index.php\/wp-json\/wp\/v2\/product_cat?post=4361"},{"taxonomy":"product_tag","embeddable":true,"href":"https:\/\/railen.net\/index.php\/wp-json\/wp\/v2\/product_tag?post=4361"}],"curies":[{"name":"wp","href":"https:\/\/api.w.org\/{rel}","templated":true}]}}