{"id":4331,"date":"2024-07-22T17:51:01","date_gmt":"2024-07-22T17:51:01","guid":{"rendered":"https:\/\/railen.net\/?post_type=product&#038;p=4331"},"modified":"2024-07-22T17:51:01","modified_gmt":"2024-07-22T17:51:01","slug":"talonera-antiescara-con-canal","status":"publish","type":"product","link":"https:\/\/railen.net\/index.php\/producto\/talonera-antiescara-con-canal\/","title":{"rendered":"TALONERA ANTIESCARA CON CANAL"},"content":{"rendered":"<p>TALONERA ANTIESCARA CON CANAL O TALONERA POSICIONADORA ANTIESCARAS VISCOELASTICA (PAR)<\/p>\n<p>La Talonera Antiescara Viscoel\u00e1stica, es un producto altamente recomendado para pacientes postrados.<\/p>\n<p>Es un soporte que, cuenta con una apertura circular a nivel del tal\u00f3n que libera de presi\u00f3n y de contacto esa zona, evitando la aparici\u00f3n de Lesiones Por Presi\u00f3n y potenciando su curaci\u00f3n.<\/p>\n<p>Est\u00e1 fabricada en poliuretano de densidad media (21kg\/m3) y recubierta por una funda de textil reeb, superficie altamente transpirable que deja pasar el aire, y que act\u00faa disminuyendo el riesgo de humedad en la zona de contacto.<\/p>\n<p>Indicaciones: Pacientes postrados. Pacientes con problemas de circulaci\u00f3n y\/o termo regulaci\u00f3n. Pacientes con pie diab\u00e9tico. Pacientes que permanecen en cama durante largos per\u00edodos de tiempo<\/p>\n<p>Contiene L\u00e1tex: No<\/p>\n<p>Componentes: 2 UN taloneras antiescara viscoel\u00e1sticas con velcros para ajuste 2 UN almohadillas con relleno de napa de alta calidad y forradas con reeb. 2 UN fundas desmontables y lavables- Color gris<\/p>\n<p>Folleto Instrucciones de Uso en Espa\u00f1ol<\/p>\n<p>Beneficios: Elimina los puntos de alta presi\u00f3n, favoreciendo una mejor circulaci\u00f3n sangu\u00ednea. Alivio del dolor. Ideal para cuando requiera estar largos periodos de tiempo con las extremidades inferiores inm\u00f3viles. Promueve y facilita la rehabilitaci\u00f3n del paciente. Peque\u00f1o, ligero y de f\u00e1cil transporte Funda transpirable, biel\u00e1stica, extra\u00edble y lavable a m\u00e1quina. Muy c\u00f3moda y suave al tacto. Libre de L\u00e1tex.<\/p>\n<p>Alto \/ Ancho \/ Largo (Cm): 32x24x11<\/p>\n<p>Peso del producto (g): 390<\/p>\n<p>Color: Gris\/Blanco<\/p>\n<p>Mantenci\u00f3n de Producto: Cuando el producto no est\u00e9 en uso, debe guardarse en su cubierta protectora, resguardado de aire frio, calor o humedades extremas Para lavar, separar la funda de la base viscoel\u00e1stica. Lavar la funda a mano hasta 40 aC, con detergente suave, y secar a la sombra Limpie con productos neutros, seque cuidadosamente y con movimientos suaves, todos los componentes. No use limpiadores abrasivos ni vol\u00e1tiles. Lavado manual hasta 40 \u00b0C No lavar con lej\u00eda No planchar No utilizar limpieza qu\u00edmica\/lavado en seco El producto se debe almacenar seco y protegido de la luz solar directa No almacene el producto directamente en el piso, o junto a radiadores u otras fuentes de calor Para facilitar el almacenamiento del producto se pueden apilar unos encima de otros. Sin embargo, para evitar da\u00f1os en el canal para piernas, nunca guarde art\u00edculos pesados encima de este producto Revise frecuentemente la integridad de las partes y piezas del producto Evite mojar o airear la espuma viscoel\u00e1stica o coj\u00edn base.<\/p>\n","protected":false},"excerpt":{"rendered":"<p>TALONERA ANTIESCARA CON CANAL O TALONERA POSICIONADORA ANTIESCARAS VISCOELASTICA (PAR) La Talonera Antiescara Viscoel\u00e1stica, es un producto altamente recomendado para pacientes postrados. Es un soporte que, cuenta con una apertura circular a nivel del tal\u00f3n que libera de presi\u00f3n y de contacto esa zona, evitando la aparici\u00f3n de Lesiones Por Presi\u00f3n y potenciando su curaci\u00f3n. [&hellip;]<\/p>\n","protected":false},"featured_media":4332,"comment_status":"open","ping_status":"closed","template":"","meta":[],"product_cat":[47,50],"product_tag":[],"_links":{"self":[{"href":"https:\/\/railen.net\/index.php\/wp-json\/wp\/v2\/product\/4331"}],"collection":[{"href":"https:\/\/railen.net\/index.php\/wp-json\/wp\/v2\/product"}],"about":[{"href":"https:\/\/railen.net\/index.php\/wp-json\/wp\/v2\/types\/product"}],"replies":[{"embeddable":true,"href":"https:\/\/railen.net\/index.php\/wp-json\/wp\/v2\/comments?post=4331"}],"wp:featuredmedia":[{"embeddable":true,"href":"https:\/\/railen.net\/index.php\/wp-json\/wp\/v2\/media\/4332"}],"wp:attachment":[{"href":"https:\/\/railen.net\/index.php\/wp-json\/wp\/v2\/media?parent=4331"}],"wp:term":[{"taxonomy":"product_cat","embeddable":true,"href":"https:\/\/railen.net\/index.php\/wp-json\/wp\/v2\/product_cat?post=4331"},{"taxonomy":"product_tag","embeddable":true,"href":"https:\/\/railen.net\/index.php\/wp-json\/wp\/v2\/product_tag?post=4331"}],"curies":[{"name":"wp","href":"https:\/\/api.w.org\/{rel}","templated":true}]}}