{"id":3819,"date":"2023-08-12T23:59:26","date_gmt":"2023-08-12T23:59:26","guid":{"rendered":"https:\/\/railen.net\/?post_type=product&#038;p=3819"},"modified":"2023-08-24T20:48:02","modified_gmt":"2023-08-24T20:48:02","slug":"cuello-cervical-blando","status":"publish","type":"product","link":"https:\/\/railen.net\/index.php\/producto\/cuello-cervical-blando\/","title":{"rendered":"Cuello cervical blando"},"content":{"rendered":"<p>Soporte cervical de corte anat\u00f3mico en poliuretano de alta densidad.<\/p>\n<p><strong>Composici\u00f3n:<\/strong><\/p>\n<ul>\n<li>Cara externa: Tejido Tubular 100% Algod\u00f3n<\/li>\n<li>Cara Interna: Corte de Poliuretano Felpa y Velcro: 100% Nylon<\/li>\n<\/ul>\n","protected":false},"excerpt":{"rendered":"<p>Soporte cervical de corte anat\u00f3mico en poliuretano de alta densidad. Composici\u00f3n: Cara externa: Tejido Tubular 100% Algod\u00f3n Cara Interna: Corte de Poliuretano Felpa y Velcro: 100% Nylon<\/p>\n","protected":false},"featured_media":3857,"comment_status":"open","ping_status":"closed","template":"","meta":[],"product_cat":[46,60],"product_tag":[],"_links":{"self":[{"href":"https:\/\/railen.net\/index.php\/wp-json\/wp\/v2\/product\/3819"}],"collection":[{"href":"https:\/\/railen.net\/index.php\/wp-json\/wp\/v2\/product"}],"about":[{"href":"https:\/\/railen.net\/index.php\/wp-json\/wp\/v2\/types\/product"}],"replies":[{"embeddable":true,"href":"https:\/\/railen.net\/index.php\/wp-json\/wp\/v2\/comments?post=3819"}],"wp:featuredmedia":[{"embeddable":true,"href":"https:\/\/railen.net\/index.php\/wp-json\/wp\/v2\/media\/3857"}],"wp:attachment":[{"href":"https:\/\/railen.net\/index.php\/wp-json\/wp\/v2\/media?parent=3819"}],"wp:term":[{"taxonomy":"product_cat","embeddable":true,"href":"https:\/\/railen.net\/index.php\/wp-json\/wp\/v2\/product_cat?post=3819"},{"taxonomy":"product_tag","embeddable":true,"href":"https:\/\/railen.net\/index.php\/wp-json\/wp\/v2\/product_tag?post=3819"}],"curies":[{"name":"wp","href":"https:\/\/api.w.org\/{rel}","templated":true}]}}

<p>Soporte cervical de corte anatómico en poliuretano de alta densidad.</p>
<p><strong>Composición:</strong></p>
<ul>
<li>Cara externa: Tejido Tubular 100% Algodón</li>
<li>Cara Interna: Corte de Poliuretano Felpa y Velcro: 100% Nylon</li>
</ul>

<p>Soporte cervical de corte anatómico en poliuretano de alta densidad. Composición: Cara externa: Tejido Tubular 100% Algodón Cara Interna: Corte de Poliuretano Felpa y Velcro: 100% Nylon</p>
